{"id":15527,"date":"2026-01-27T13:38:12","date_gmt":"2026-01-27T13:38:12","guid":{"rendered":"https:\/\/www.univers-deal.ma\/?post_type=product&#038;p=15527"},"modified":"2026-01-27T14:39:59","modified_gmt":"2026-01-27T14:39:59","slug":"ordinateur-tout-en-un-hp-pavilion-27-ca2025nk","status":"publish","type":"product","link":"https:\/\/www.univers-deal.ma\/?product=ordinateur-tout-en-un-hp-pavilion-27-ca2025nk","title":{"rendered":"Ordinateur Tout-en-un Acer Aspire C24-2G"},"content":{"rendered":"","protected":false},"excerpt":{"rendered":"<p>Intel\u00ae Core&#x2122; 5 120U (jusqu\u2019\u00e0 5 GHz en mode Turbo, 12 Mo de m\u00e9moire cache, 10 c\u0153urs, 12 threads)<br \/>\nRAM: 16 Go DDR4-2666 MHz (1 \u00d7 16 Go, extensible \u00e0 32 Go, 2 slots SO-DIMM dont 1 disponible)<br \/>\nDisque dur: SSD PCIe\u00ae NVMe&#x2122; 512 Go<br \/>\n\u00c9cran: LCD IPS Full HD de 60,5 cm (23,8 pouces), 1920 \u00d7 1080, 16:9, 250 nits, 120 Hz, r\u00e9tro-\u00e9clairage LED, antireflet<br \/>\nCarte graphique: Intel\u00ae Graphics int\u00e9gr\u00e9e<br \/>\nWindows 11 \u00c9dition Familiale unilingue<\/p>\n<p>Acer<br \/>\n\u00c9tat: Produit neuf dans son emballage d\u2019origine<br \/>\nGarantie : 2 ans<\/p>\n","protected":false},"featured_media":15535,"comment_status":"open","ping_status":"closed","template":"","meta":{"_acf_changed":false},"product_brand":[253],"product_cat":[249],"product_tag":[],"class_list":{"0":"post-15527","1":"product","2":"type-product","3":"status-publish","4":"has-post-thumbnail","6":"product_brand-acer","7":"product_cat-univers-informatique","9":"first","10":"instock","11":"shipping-taxable","12":"purchasable","13":"product-type-simple"},"acf":[],"_links":{"self":[{"href":"https:\/\/www.univers-deal.ma\/index.php?rest_route=\/wp\/v2\/product\/15527","targetHints":{"allow":["GET"]}}],"collection":[{"href":"https:\/\/www.univers-deal.ma\/index.php?rest_route=\/wp\/v2\/product"}],"about":[{"href":"https:\/\/www.univers-deal.ma\/index.php?rest_route=\/wp\/v2\/types\/product"}],"replies":[{"embeddable":true,"href":"https:\/\/www.univers-deal.ma\/index.php?rest_route=%2Fwp%2Fv2%2Fcomments&post=15527"}],"wp:featuredmedia":[{"embeddable":true,"href":"https:\/\/www.univers-deal.ma\/index.php?rest_route=\/wp\/v2\/media\/15535"}],"wp:attachment":[{"href":"https:\/\/www.univers-deal.ma\/index.php?rest_route=%2Fwp%2Fv2%2Fmedia&parent=15527"}],"wp:term":[{"taxonomy":"product_brand","embeddable":true,"href":"https:\/\/www.univers-deal.ma\/index.php?rest_route=%2Fwp%2Fv2%2Fproduct_brand&post=15527"},{"taxonomy":"product_cat","embeddable":true,"href":"https:\/\/www.univers-deal.ma\/index.php?rest_route=%2Fwp%2Fv2%2Fproduct_cat&post=15527"},{"taxonomy":"product_tag","embeddable":true,"href":"https:\/\/www.univers-deal.ma\/index.php?rest_route=%2Fwp%2Fv2%2Fproduct_tag&post=15527"}],"curies":[{"name":"wp","href":"https:\/\/api.w.org\/{rel}","templated":true}]}}