{"id":15739,"date":"2026-01-31T18:51:24","date_gmt":"2026-01-31T18:51:24","guid":{"rendered":"https:\/\/www.univers-deal.ma\/?post_type=product&#038;p=15739"},"modified":"2026-01-31T18:51:24","modified_gmt":"2026-01-31T18:51:24","slug":"ordinateur-portable-hp-15-fc0015nk-886j5ea","status":"publish","type":"product","link":"https:\/\/www.univers-deal.ma\/?product=ordinateur-portable-hp-15-fc0015nk-886j5ea","title":{"rendered":"Ordinateur portable HP 15-fc0015nk (886J5EA)"},"content":{"rendered":"","protected":false},"excerpt":{"rendered":"<p>AMD Ryzen&#x2122; 7 7730U (jusqu\u2019\u00e0 4,5 GHz de fr\u00e9quence Boost maximale, 16 Mo de m\u00e9moire cache L3, 8 c\u0153urs, 16 threads)<br \/>\nRAM: 8 Go de m\u00e9moire RAM DDR4-3200 MHz (2 x 4 Go)<br \/>\nDisque dur: SSD PCIe\u00ae NVMe&#x2122; M.2 512 Go<br \/>\n\u00c9cran: Full HD d\u2019une diagonale de 39,6 cm (15,6 pouces) (1920 x 1080), IPS, micro-bord, antireflet, 250 nits, 45 % NTSC<br \/>\nCarte graphique: AMD Radeon&#x2122; Int\u00e9gr\u00e9<br \/>\nWindows 11 \u00c9dition Familiale unilingue<br \/>\nClavier: Clavier complet gris clair r\u00e9tro\u00e9clair\u00e9 avec pav\u00e9 num\u00e9rique (AZERTY)<br \/>\nPoids: 1,59 kg<\/p>\n<p>\u00c9tat: Produit neuf dans son emballage d\u2019origine<br \/>\nGarantie : 1 an<\/p>\n","protected":false},"featured_media":15740,"comment_status":"open","ping_status":"closed","template":"","meta":{"_acf_changed":false},"product_brand":[246],"product_cat":[250,300,249],"product_tag":[],"class_list":{"0":"post-15739","1":"product","2":"type-product","3":"status-publish","4":"has-post-thumbnail","6":"product_brand-hp","7":"product_cat-ordinateur-portable","8":"product_cat-pc-portable-particulier","9":"product_cat-univers-informatique","11":"first","12":"instock","13":"shipping-taxable","14":"purchasable","15":"product-type-simple"},"acf":[],"_links":{"self":[{"href":"https:\/\/www.univers-deal.ma\/index.php?rest_route=\/wp\/v2\/product\/15739","targetHints":{"allow":["GET"]}}],"collection":[{"href":"https:\/\/www.univers-deal.ma\/index.php?rest_route=\/wp\/v2\/product"}],"about":[{"href":"https:\/\/www.univers-deal.ma\/index.php?rest_route=\/wp\/v2\/types\/product"}],"replies":[{"embeddable":true,"href":"https:\/\/www.univers-deal.ma\/index.php?rest_route=%2Fwp%2Fv2%2Fcomments&post=15739"}],"wp:featuredmedia":[{"embeddable":true,"href":"https:\/\/www.univers-deal.ma\/index.php?rest_route=\/wp\/v2\/media\/15740"}],"wp:attachment":[{"href":"https:\/\/www.univers-deal.ma\/index.php?rest_route=%2Fwp%2Fv2%2Fmedia&parent=15739"}],"wp:term":[{"taxonomy":"product_brand","embeddable":true,"href":"https:\/\/www.univers-deal.ma\/index.php?rest_route=%2Fwp%2Fv2%2Fproduct_brand&post=15739"},{"taxonomy":"product_cat","embeddable":true,"href":"https:\/\/www.univers-deal.ma\/index.php?rest_route=%2Fwp%2Fv2%2Fproduct_cat&post=15739"},{"taxonomy":"product_tag","embeddable":true,"href":"https:\/\/www.univers-deal.ma\/index.php?rest_route=%2Fwp%2Fv2%2Fproduct_tag&post=15739"}],"curies":[{"name":"wp","href":"https:\/\/api.w.org\/{rel}","templated":true}]}}