{"id":15776,"date":"2026-02-01T00:13:34","date_gmt":"2026-02-01T00:13:34","guid":{"rendered":"https:\/\/www.univers-deal.ma\/?post_type=product&#038;p=15776"},"modified":"2026-02-01T00:13:34","modified_gmt":"2026-02-01T00:13:34","slug":"ordinateur-portable-lenovo-ideapad-s145-15iil-81w800psfe","status":"publish","type":"product","link":"https:\/\/www.univers-deal.ma\/?product=ordinateur-portable-lenovo-ideapad-s145-15iil-81w800psfe","title":{"rendered":"Ordinateur Portable Lenovo Ideapad S145-15IIL (81W800PSFE)"},"content":{"rendered":"","protected":false},"excerpt":{"rendered":"<p>Intel Core i5-1035G1 (4C \/ 8T, 1.0 \/ 3.6GHz, 6MB)<br \/>\nRAM: 4GB Soldered DDR4-2666<br \/>\nDisque dur: 1 TB &#8211; HDD 2.5&#8243; &#8211; 5400 rpm<br \/>\n\u00c9cran: 15.6&#8243; HD (1366&#215;768) TN 220nits Anti-glare<br \/>\nCarte graphique: Integrated Intel UHD Graphics<br \/>\nWindows 10 Famille 64 bits<br \/>\nClavier: Non r\u00e9tro\u00e9clair\u00e9, Fran\u00e7ais (AZERTY)<\/p>\n<p>Iris.ma partenaire Lenovo agr\u00e9\u00e9<br \/>\n\u00c9tat: Produit neuf dans son emballage d\u2019origine<br \/>\nGarantie : 1 an<\/p>\n","protected":false},"featured_media":15781,"comment_status":"open","ping_status":"closed","template":"","meta":{"_acf_changed":false},"product_brand":[251],"product_cat":[250,300,249],"product_tag":[],"class_list":{"0":"post-15776","1":"product","2":"type-product","3":"status-publish","4":"has-post-thumbnail","6":"product_brand-lenovo","7":"product_cat-ordinateur-portable","8":"product_cat-pc-portable-particulier","9":"product_cat-univers-informatique","11":"first","12":"instock","13":"shipping-taxable","14":"purchasable","15":"product-type-simple"},"acf":[],"_links":{"self":[{"href":"https:\/\/www.univers-deal.ma\/index.php?rest_route=\/wp\/v2\/product\/15776","targetHints":{"allow":["GET"]}}],"collection":[{"href":"https:\/\/www.univers-deal.ma\/index.php?rest_route=\/wp\/v2\/product"}],"about":[{"href":"https:\/\/www.univers-deal.ma\/index.php?rest_route=\/wp\/v2\/types\/product"}],"replies":[{"embeddable":true,"href":"https:\/\/www.univers-deal.ma\/index.php?rest_route=%2Fwp%2Fv2%2Fcomments&post=15776"}],"wp:featuredmedia":[{"embeddable":true,"href":"https:\/\/www.univers-deal.ma\/index.php?rest_route=\/wp\/v2\/media\/15781"}],"wp:attachment":[{"href":"https:\/\/www.univers-deal.ma\/index.php?rest_route=%2Fwp%2Fv2%2Fmedia&parent=15776"}],"wp:term":[{"taxonomy":"product_brand","embeddable":true,"href":"https:\/\/www.univers-deal.ma\/index.php?rest_route=%2Fwp%2Fv2%2Fproduct_brand&post=15776"},{"taxonomy":"product_cat","embeddable":true,"href":"https:\/\/www.univers-deal.ma\/index.php?rest_route=%2Fwp%2Fv2%2Fproduct_cat&post=15776"},{"taxonomy":"product_tag","embeddable":true,"href":"https:\/\/www.univers-deal.ma\/index.php?rest_route=%2Fwp%2Fv2%2Fproduct_tag&post=15776"}],"curies":[{"name":"wp","href":"https:\/\/api.w.org\/{rel}","templated":true}]}}